 5
Let g(a) = 10*a**3 + 5 - 2*a**3 - a**3 + 4*a - 13*a. What are the prime factors of g(3)?
167
Let z = 42076 - 3916. List the prime factors of z.
2, 3, 5, 53
Let m = -8 - -9. Suppose -18*l + 19*l = -m. Let a(i) = -8*i**3 + 3*i + 2. List the prime factors of a(l).
7
Let g(p) = 1 + p + 5*p + p**2 - 54*p**3 + 12 - 8. List the prime factors of g(-1).
2, 3
Suppose -56*k + 2005131 - 698245 = -1491042. What are the prime factors of k?
17, 2939
List the prime factors of -6 - ((-44972)/8 - 24/16).
41, 137
Suppose 723072 - 3524520 = -72*t. List the prime factors of t.
13, 41, 73
Let g(t) = 3*t**2 + 55*t + 838. List the prime factors of g(33).
2, 5, 37
Suppose -3*h + 36*h = -3*h + 1657044. List the prime factors of h.
3, 67, 229
Suppose -26*u - 7*u = 0. Suppose -q + b + 55 = 0, 2*q - 90 = 5*b + 11. Let t = u + q. List the prime factors of t.
2, 29
Let y(f) = -3*f + 5. Let p be ((-15)/(-6))/(2/(-12)). Let x be y(p). Suppose -x = -2*b + 44. What are the prime factors of b?
47
Let g(l) = 3*l**2 - l - 36. Let u(j) = j**3 - 10*j**2 + 9*j - 19. Let o be u(10). Let s = o - 62. What are the prime factors of g(s)?
2, 3, 11
Let r(y) = 1. Let b(s) = -14*s + 13. Let g(d) = b(d) - 2*r(d). Let n(i) = -15*i + 12. Let l(o) = 6*g(o) - 5*n(o). What are the prime factors of l(-7)?
3, 23
Suppose -2*h - 3*h - 10 = 0. What are the prime factors of (h - -1)*-334 - (-14)/14?
5, 67
Let a(y) = -6*y**2 + 0*y + 6 - 3*y - 20*y + 11. Let d(j) = -2*j**2 - 8*j + 6. Let u(l) = -4*a(l) + 11*d(l). List the prime factors of u(3).
2, 7
Let a = -14572 + 19921. List the prime factors of a.
3, 1783
Let z = -134 + 127. List the prime factors of 1025 - (-5 + 8 + z).
3, 7
Let v(z) be the second derivative of z**5/20 - z**4 + 10*z**3/3 + 6*z**2 + 29*z. Let i be v(10). Let j(t) = 2*t + 33. What are the prime factors of j(i)?
3, 19
Let b = 38282 + 1324. List the prime factors of b.
2, 3, 7, 23, 41
Let z(g) = 2*g**3 + 64*g**2 - 12*g + 382. List the prime factors of z(-28).
2, 3, 5, 233
Let h = 274 + -284. Let m(r) = -2*r**3 - 13*r**2 + 7*r + 70. What are the prime factors of m(h)?
2, 5, 7
Let h(w) = -w**2 + w**3 - 5*w - 8 + 4*w**2 + 2. Let u be h(-4). What are the prime factors of (8/u)/(8/(-56))?
2, 7
Let f(r) = 42*r**2 - 32*r + 129. Suppose -28 = 12*i - 88. What are the prime factors of f(i)?
1019
What are the prime factors of 6408 - (1/((-9)/2) - 102/27)?
2, 7, 229
List the prime factors of (0 - 2)*9/(54/(-12813)).
4271
Suppose -k = m - 102, 2*k = -2*k + 4*m + 432. Let o = k - 215. What are the prime factors of o/(-4) + 2/(-8)*-2?
2, 7
Let v be (-1)/1*(-68)/(2 + -1). Let l = v - 65. Suppose 6*z = l*r + 5*z - 373, -z = 5*r - 611. What are the prime factors of r?
3, 41
Suppose -4*f - 3 + 1 = 5*g, 15 = -5*f. Suppose -3*b + 4*b + g*t - 18 = 0, -3*t + 57 = 4*b. What are the prime factors of b/(-72) + (-49)/(-6)?
2
Let g(a) = -454*a**3 + 5*a**2 - 4*a - 2. Let b be g(2). Let y = -2536 - b. List the prime factors of y.
2, 3, 181
Let t = 110 - 106. Suppose y + 1397 = t*x + 4*y, -3 = -y. What are the prime factors of x?
347
Let m(w) = -7*w - 19. Let n be m(-3). Suppose y + 3*q = 286, -582 = -n*y - 5*q + q. List the prime factors of y.
7, 43
Let p be (-126)/(-12)*(-1 + 3/1). Suppose 4*d - 6*x = -3*x + p, -2*x = 4*d - 6. Suppose -3*m = -d*o - 147, 3*m - 5*o = 4*m - 43. List the prime factors of m.
2, 3
Suppose 3*l + 964 + 1352 = 0. Let f = l + 1298. List the prime factors of f.
2, 263
Suppose m + 2*a = 774, -a - 10 = 4*a. Suppose -m = 3*w + 5*x, -2*w - w = x + 770. Let b = w - -489. What are the prime factors of b?
233
Let a be (484*(-8)/(-64))/(2/44). What are the prime factors of (-4 + (-5)/(-1))*a - -5?
2, 167
List the prime factors of -126 + 23254 + (18 - 2).
2, 11, 263
Suppose 3*p - 12365 = -4*k, -p + 6*p - 15460 = -5*k. What are the prime factors of k?
3089
Let k(s) = s**3 - 24*s**2 + 20*s - 31. Let d be k(22). Let u = d - -1439. What are the prime factors of u?
2, 5, 11
Let w(k) be the first derivative of 3*k**4/2 + 2*k**3/3 + 5*k**2/2 + 2*k - 24. Let f be w(3). Let n = 287 - f. List the prime factors of n.
2, 3, 5
Suppose -7*w = -451 - 3973. Suppose 31*c - 23*c = w. List the prime factors of c.
79
Suppose 1354*s + 9223844 = 1517*s. List the prime factors of s.
2, 7, 43, 47
Suppose -4*z - 14*y + 25884 = -12*y, -2*y - 32373 = -5*z. List the prime factors of z.
6473
List the prime factors of (10*(-2)/8 - -3) + 162420/24.
2, 3, 47
Let l = -104 + 109. Suppose 4*c = 2*w + 5412, 3*c - 2575 - 1497 = -l*w. List the prime factors of c.
2, 677
Let j(y) be the second derivative of y**5/20 + y**4 - 2*y**3/3 - 6*y**2 + 60*y. List the prime factors of j(-10).
2, 3, 19
Let j(g) be the first derivative of 28*g**3/3 + 5*g**2/2 + 3*g - 671. Let a(q) = q**2 - 5*q - 3. Let n be a(5). What are the prime factors of j(n)?
2, 3, 5
List the prime factors of (12813/39)/((-7)/(-91)).
4271
Let a = 132125 + -89515. List the prime factors of a.
2, 5, 4261
Let s(p) = -2*p**3 + 9*p**2 - p + 18. Let h = 77 - 71. Let n be s(h). Let i = 156 + n. List the prime factors of i.
2, 3, 5
Let s(k) be the second derivative of 17*k**2 + 1/6*k**3 + 7*k + 0. What are the prime factors of s(-16)?
2, 3
Suppose -56*p + 1044 = -47*p. Suppose -5*d = -6*d + 3*u + 34, 5*d + 3*u - p = 0. What are the prime factors of d?
5
Suppose 30*v - 96322 + 12659 = 279307. List the prime factors of v.
3, 37, 109
Let p = 1350 - -46. List the prime factors of p.
2, 349
Let n be ((-25907)/14 - 2)/((-2)/12). Suppose -26*c = -7*c - n. List the prime factors of c.
3, 5, 13
Let b(c) = 148*c + 38. Let u be b(4). Suppose u = n + 202. List the prime factors of n.
2, 107
Let a(n) = 15*n**2 - 12*n + 23. Let b be a(3). Suppose 127*v - b*v - 295 = 0. List the prime factors of v.
59
List the prime factors of (-22)/(-330) - (-6239)/15.
2, 13
Suppose -30*f + 92975 = -227635. List the prime factors of f.
10687
Let j(g) = -6*g**2 - 39*g + 46. Let n(c) = -c**2 - 8*c + 9. Let x(u) = 2*j(u) - 11*n(u). Let m be x(10). List the prime factors of 55/1*(-14)/m.
2, 5, 11
Let f = -1 + 11. Suppose a = f*a - 90. Suppose -a - 7 = -t. What are the prime factors of t?
17
Let x(w) = 9*w**2 - 13*w + 14. Let c be (-1)/(-8) + (-1625)/200. List the prime factors of x(c).
2, 347
Let w(k) = -466*k - 11. Let s be w(-2). Suppose 4*b = 2*z - 448, 0*z - s = -4*z + 3*b. List the prime factors of z.
2, 3, 13
Let f(v) = -17*v**2 - 3*v. Let s be f(-1). Let u be (-398)/s + (-16)/(-28). Suppose -4*y + 94 = 3*r, -r = 3*y - 4 - u. What are the prime factors of r?
2, 3, 5
Suppose -44*c - 2*c + 11303 = 43*c. Let l = 19 - 4. Let t = c + l. List the prime factors of t.
2, 71
Let q(p) = -p**2 - 1. Let d(m) = 2*m**3 - 3*m**2 - m - 3. Let n(y) = d(y) - 2*q(y). Let f be (2*1)/(6/9). What are the prime factors of n(f)?
41
Let k be ((-30)/(-4))/3*172/86. Suppose 3*y - 2793 = -k*t, -2*y + 1216 = 3*t - 460. List the prime factors of t.
2, 3, 31
Let n(m) = 73*m**2 - 189*m - 1318. List the prime factors of n(-7).
2, 3, 199
Let d(w) = -151*w + 1182. List the prime factors of d(-40).
2, 23, 157
Suppose 4*g + 3*h = 75111, -g - h + 19974 = 1196. List the prime factors of g.
3, 11, 569
Suppose 0 = 44*p + 22*p - 171072. What are the prime factors of p?
2, 3
Let v be -2*(2 - 0) + (-1 - -1279). Let y = -720 + v. List the prime factors of y.
2, 277
Let i = -17409 + 30930. What are the prime factors of i?
3, 4507
Let m = 781 - 465. Let h = m - 128. Suppose -4*p + 4*z = -h, 15 = 2*p + 5*z - 114. What are the prime factors of p?
2, 13
Suppose 3*z = -4*w - 56, -3*z - 2*w = w + 60. Let q = z + 28. Suppose -q*j - 2*r + 120 = -0*j, 2*r + 54 = 2*j. What are the prime factors of j?
29
List the prime factors of 291970/65 + 486/117 + -4.
2, 1123
Suppose 103*u - 96064 = 98*u + 4*x, 0 = 4*u - x - 76838. List the prime factors of u.
2, 7
Let m be 1 + (1 + -2)*52. Suppose -214*g + 219*g + 495 = 5*x, -g = -5*x + 467. Let r = m + x. What are the prime factors of r?
41
List the prime factors of 18000 - (10 - 7 - 7 - -4).
2, 3, 5
Suppose -5*l + 120 = 3*m, 0*m - 4*m = -3*l - 189. Let t be ((-54)/m)/(4/10). What are the prime factors of -19*(t - 1 - 9)?
13, 19
Suppose 5 = -4*l + t, 3*t = 2*l + t - 2. Let z(x) = -200*x + 1892. Let n be z(10). Let d = l - n. What are the prime factors of d?
2, 53
Let t = -32311 + 45332. What are the prime factors of t?
29, 44